s the units digit of r(-14)?
1
Let v = 297 + -294. Suppose -2*f + v = 1, -3181 = -4*n + 3*f. What is the hundreds digit of n?
7
Suppose -15 = 5*w - 4*h, 3*w - 2*h + 18 = -w. Let j(t) = -8*t - 22. Let m be j(w). Suppose 11 = -k + m. What is the tens digit of k?
2
Suppose 147 + 403 = 25*b. Let p(r) = r**3 - 22*r**2 + 22*r - 63. What is the tens digit of p(b)?
2
Let b(h) = -4*h**2 - 6*h - 13. Suppose 14*z - 12 = 17*z. Let u be b(z). Let n = -43 - u. What is the units digit of n?
0
Let q(w) = -3*w**3 - 2*w**3 + 0 - 4*w - 5*w**2 + 5 + 4*w**3. Let y be q(-4). Suppose 4*n - 5*d - 330 = -117, 240 = y*n - d. What is the tens digit of n?
4
What is the units digit of 7438/4 + ((-60)/8 - (-7 - 0))?
9
Suppose -11*o = -13*o - 12. Let q(m) = m**3 + 10*m**2 + 20*m + 34. What is the units digit of q(o)?
8
Let t = -5970 + 11224. What is the units digit of t?
4
Let h(q) = -q**3 + 10*q**2 - 16*q - 10. Let n be h(4). Suppose 39*r = n*r + 27030. What is the tens digit of r?
9
Let t(m) = m**2 + 11*m + 7. Let o be t(-11). Let v = 3 - o. What is the units digit of (-52)/v - (0 - -4)?
9
Let t(c) = -c**3 + 23*c**2 - 15*c - 18. Suppose -4*o + 3*b + 81 = 0, 66 = 5*o + 4*b - 43. What is the units digit of t(o)?
9
Let b = 737 - 682. Let n = 10 + -6. Suppose -3*k = -n*k + b. What is the units digit of k?
5
Suppose 44 = 33*r - 55. Suppose k - 225 = 2*b, 779 = 3*k + r*b + 149. What is the hundreds digit of k?
2
Suppose -5*q + 95 = -3*w - 155, 2*q - w = 99. Let z = 401 + q. What is the hundreds digit of z?
4
Let d = 103 - 123. Let r be (21 + d)*(-1 + 6). What is the units digit of r/((-10)/93)*8/(-6)?
2
Let x = 2292 + -1244. Suppose 0 = 2*d + 106 - x. Suppose -4*v + 384 = 4*w, w - 5*w = -5*v + d. What is the units digit of v?
5
Let w = -162 + 167. Suppose w*u = 5, -p - 46*u = -44*u - 527. What is the hundreds digit of p?
5
Let a be ((-80)/(-100))/(4/390). Let q = 202 + a. Let b = q - 149. What is the units digit of b?
1
Let g(j) = -2*j - 44 + 3*j + 52 - 8*j**2 + 3*j**2. Let z(y) = -21*y**2 + 3*y + 31. Let r(u) = -9*g(u) + 2*z(u). What is the hundreds digit of r(-7)?
1
Suppose 3*m - 4*m - 3*t = -6, -3*t + 9 = 0. What is the units digit of 4 + 415 + m + -8?
8
Let n(a) = -11*a + 22. Suppose 35 = 5*x + 75. What is the hundreds digit of n(x)?
1
Suppose 2*c - 4*n = -519 + 12329, 5*c - 4*n = 29525. What is the thousands digit of c?
5
What is the tens digit of 38423 + 2 - (32/(-12) + (-4)/12)?
2
Let b(w) = 365*w + 417. What is the hundreds digit of b(4)?
8
Suppose -166*g + 1148734 = -1421776. What is the hundreds digit of g?
4
Let n(h) = -9*h**2 - 2*h - 1. Let g(a) = -a**3 + 7*a**2 - 13*a + 5. Let i be g(3). Let o be n(i). Let m = o + 106. What is the tens digit of m?
6
Let p(w) = -w**3 + 50*w**2 + 71*w + 489. What is the units digit of p(49)?
9
Let j(g) be the second derivative of 19*g**3/6 - 50*g**2 - 52*g. What is the tens digit of j(12)?
2
Let i = 123 - -33. Suppose l - i = -2*c, 4*c - 308 = -0*l - l. Let w = 152 - c. What is the tens digit of w?
7
Suppose 8*r + 8334 = 5*d + 11*r, -2*r - 8319 = -5*d. What is the tens digit of d?
6
Let c(i) = i**3 + 26*i**2 - 19*i - 479. What is the tens digit of c(-25)?
2
Let u(s) = 3*s - 19. Let r be u(-6). Let x = r - -43. Suppose x = -q + 83. What is the units digit of q?
7
Let s(r) = -299*r + 18. Let l be s(-2). Let q = -333 + l. What is the hundreds digit of q?
2
Suppose -2*j = 338 - 1724. Suppose -3*w + j = 3*c - 0*w, -2*c = 3*w - 459. Suppose -3*m - 4*v = -147 - 207, -2*m - 2*v + c = 0. What is the hundreds digit of m?
1
Let q = -139 + 53. Let p = q - -147. Suppose -3*h + 2 = -p. What is the units digit of h?
1
What is the hundreds digit of 2/(-15) + 354816/270 - (4 + 2)?
3
Let g = 8 + -5. Suppose -4*c - c = 4*k - 1319, -271 = -c + k. Suppose 3*p - g - c = 0. What is the units digit of p?
0
Suppose -2*j + 32 = 2*j. Let s be (-1)/(-2)*j + 58. What is the tens digit of 1*(s - (-4)/(-2))?
6
Suppose 4*h - 550 + 2102 = 0. Let z = -79 - h. What is the units digit of z?
9
Let k be 332/6*342/(-76). What is the tens digit of 34/51*k/(-2)?
8
Let j = 222 + 874. Suppose -5*k + d = -j, -k - 4*d = -301 + 86. What is the tens digit of k?
1
Suppose 15*j - 314815 = 20*j - 5*k, 4*j = -3*k - 251824. What is the thousands digit of (-3)/4 - (5 - j/(-52))?
1
Let w(y) = 7*y**2 - 9*y - 7. Let u(x) = x**3 + x**2. Let o(b) = u(b) + w(b). Let m be o(-9). What is the units digit of (3 + 1)/(6*m/(-1449))?
8
Suppose -a + 5483 = -7471. What is the units digit of a?
4
Suppose -8*y + 24*y + y = 320195. What is the thousands digit of y?
8
Suppose -18*t - 311 = 67. Let j = -157 + 82. Let n = t - j. What is the tens digit of n?
5
Suppose -170*u + 322 = -169*u. Suppose -u = -2*f + 368. What is the tens digit of f?
4
Let i = -3237 + 3321. Suppose -o + 0*o + 44 = 0. Suppose -4*x = -i - o. What is the units digit of x?
2
Let l = 14705 - 7743. What is the thousands digit of l?
6
Let m = -40213 - -69351. What is the hundreds digit of m?
1
Let f(z) = 269*z + 478. What is the tens digit of f(18)?
2
Suppose 201 + 199 = -4*s. Let h be 120 + 1 + 0/(-2). Let d = s + h. What is the units digit of d?
1
Let k = -8 + 19. Let b = 43 - k. Suppose -75 = -s + 2*v + b, -5*v = -4*s + 443. What is the tens digit of s?
1
Let p = 5028 - 3315. Suppose 2*q + 2*v - 289 - 565 = 0, -3*v + p = 4*q. What is the hundreds digit of q?
4
Suppose -51*w + 16791 = -46*w - 3*g, 3*g + 10077 = 3*w. What is the hundreds digit of w?
3
Suppose 5*s - 16345 = -l + 7578, -s - 3*l = -4779. What is the tens digit of s?
8
Let k(i) = -11*i + 9. Let n(r) = -4*r - 3. Suppose -18 = 2*y + 4*d, 4*d - d = y - 16. Let u be n(y). What is the units digit of k(u)?
6
Let y be -7 - -1 - (-2 + 16/(-4)). Suppose -q + 1321 = 4*n, y = -5*q + 3 + 2. What is the tens digit of n?
3
What is the tens digit of 43720/40 + 0 + -2?
9
Suppose 21 = b - 2*o, -2*b - o - 1 + 38 = 0. Let z(k) = 5 + 15*k - b*k + 0*k**3 + 4*k**3. What is the tens digit of z(2)?
2
Let t be (15/(-25))/((-3)/10). Suppose -1066 = -4*q + 2*h, t*q - q + h - 262 = 0. What is the hundreds digit of q?
2
Let i(n) = 62*n + 1. Let k be i(-2). Let c = 170 + k. Suppose 542 - c = 9*t. What is the tens digit of t?
5
Let k be (7 - 16)*2/(-6). Let l(b) = 77*b - 39*b + 16*b**2 - 35*b - k. What is the tens digit of l(1)?
1
Let x(m) = -2*m + 7077. What is the tens digit of x(94)?
8
Suppose 7*d - 8*d = 13. Let q be (-2)/d - 18384/(-156). Suppose s = 3*g + 38, 2*s - q = -2*s - 5*g. What is the units digit of s?
2
Let z = -525 - -525. Suppose 2*h - 1942 = 2*y, 4*h - 4*y + 2*y - 3888 = z. What is the units digit of h?
3
Let m = 4038 + -2585. Suppose f + 56 = -4*l + m, -333 = -l + 3*f. What is the tens digit of l?
4
Suppose a + 5*q - 1409 = -390, -3*a + 3045 = 3*q. What is the tens digit of a?
1
Suppose -4*i - 85933 = -5*m + 41776, -2*i - 2 = 0. What is the thousands digit of m?
5
Suppose -k = -5*k + 536. Suppose -7*u = -2*u - 310. Let m = k - u. What is the units digit of m?
2
Let o(g) = -103*g - 575. What is the hundreds digit of o(-19)?
3
Suppose 0 = 5*h + 25 - 35. Let r(i) = -7*i + 1. Let c be r(-6). Let q = h + c. What is the tens digit of q?
4
Let z = 21514 + -12528. What is the units digit of z?
6
Suppose 3591163 - 408403 = 45*k. What is the hundreds digit of k?
7
Suppose 5*s = 7*p - 6*p + 80, 0 = -p + 3*s - 88. What is the hundreds digit of p/12*-59 + 2/(-3)?
4
Suppose 3*v + 69 = 4*c, -3*v = -6*c + 3*c + 72. Let q = 124 + -196. Let j = v - q. What is the tens digit of j?
4
Let x be -2 - (-39)/15 - (-156)/(-10). Let a = 278 + x. What is the hundreds digit of a?
2
Suppose 10*p - 5613108 = 5*p - 186*p. What is the hundreds digit of p?
3
Suppose -239*f + 1277335 = -757750. What is the units digit of f?
5
Let n be 22308/(-24) + (-3)/2. What is the units digit of n/(-38)*(-3 - 10/(-2))?
9
Suppose -11*z + 156 = -581. Suppose 2*j - 972 = 5*u + z, 2*j = -5*u + 1029. What is the tens digit of j?
1
Let p(y) = 27*y + 100. Let r(s) = 10*s**2 - 69*s + 4. Let c be r(7). What is the hundreds digit of p(c)?
3
Let u be 4/(-14) + (-2)/(56/1868). Let a = 69 + u. Suppose -3*b + 96 = -q - 144, -a*b = -q - 160. What is the units digit of b?
0
Let r(x) = -1107*x - 2118. What is the hundreds digit of r(-28)?
8
What is the hundreds digit of 12/(-9)*((-115415)/20 + 4)?
6
Let u(r) = r**2 + 4*r - 162. Let o be u(11). 